MONTHLY CLIMATOLOGICAL SUMMARY for JUL. 2009

NAME: APEX   CITY: HAKUBA STATE: NAGANO
ELEV: 705 LAT: 036:41:48 LONG: -137:51:18

                            TEMPERATURE ( C), RAIN (mm), WIND SPEED (m/s)

                                                 HEAT     COOL           AVG
      MEAN                                       DEG      DEG            WIND                        DOM
DAY   TEMP    HIGH   TIME      LOW     TIME      DAYS     DAYS   RAIN    SPEED    HIGH    TIME       DIR
----------------------------------------------------------------------------------------------------------------------------------------------------------
01    19.9    25.8   16:09    17.8   04:48     00.0     01.6    33.5   00.1     04.1    17:18      N 
02    19.8    19.8   00:00    19.8   00:00     00.0     01.5    00.0   00.0     00.0    00:00      N 
03    19.8    19.8   00:00    19.8   00:00     00.0     01.5    00.0   00.0     00.0    00:00      N 
04    19.8    19.8   00:00    19.8   00:00     00.0     01.5    00.0   00.0     00.0    00:00      N 
05    19.8    19.8   00:00    19.8   00:00     00.0     01.5    00.0   00.0     00.0    00:00      N 
06    19.8    19.8   00:00    19.8   00:00     00.0     01.5    00.0   00.0     00.0    00:00      N 
07    19.8    19.8   00:00    19.8   00:00     00.0     01.5    00.0   00.0     00.0    00:00      N 
08    20.4    22.9   16:02    19.8   09:31     00.0     02.1    00.5   00.0     02.1    21:33     NNE
09    20.8    22.3   17:18    19.2   05:19     00.0     02.5    51.6   00.1     03.1    22:38      NE
10    21.2    25.6   12:39    19.0   00:00     00.0     02.9    16.2   01.3     08.7    13:46     NNE
11    21.6    26.9   10:47    17.4   05:19     00.0     03.3    00.0   01.2     06.2    16:05     NNE
12    19.9    23.3   16:01    17.2   05:16     00.0     01.6    00.5   00.2     03.6    14:30     NNE
13    21.7    25.9   12:23    18.6   02:32     00.0     03.4    22.2   01.1     08.2    15:22      NE
14    23.4    28.6   11:29    18.7   06:08     00.0     05.1    00.0   00.3     03.6    14:02     NNE
15    24.6    31.9   15:22    20.3   05:24     00.0     06.3    01.5   01.0     06.7    16:40     ENE
16    22.8    30.3   11:59    18.4   05:32     00.0     04.5    05.7   00.7     07.7    15:26      NE
17    20.6    24.3   13:26    17.9   07:18     00.0     02.3    30.0   00.1     03.1    13:55     NNE
18    20.7    22.2   14:52    19.4   05:47     00.0     02.4    34.1   00.2     03.1    20:22     NNE
19    21.7    25.0   13:51    19.5   05:30     00.0     03.4    22.1   00.6     06.2    14:18      NE
20    23.2    28.5   11:35    18.9   06:25     00.0     04.9    00.0   00.4     03.6    16:28      NE
21    21.3    22.2   13:00    20.3   06:01     00.0     03.0    20.1   00.0     01.5    07:44      NE
22    22.5    27.6   10:47    19.9   00:00     00.0     04.2    07.2   00.1     03.6    17:13      NE
23    23.3    28.5   10:01    19.4   05:21     00.0     05.0    00.5   00.0     01.0    16:59     ENE
24    23.0    26.5   15:04    20.5   05:54     00.0     04.7    01.0   00.0     00.0    00:00     NNE
25    22.5    25.1   15:16    20.5   04:48     00.0     04.2    03.1   00.2     03.6    13:38     NNE
26    22.6    26.3   12:22    20.1   05:41     00.0     04.3    03.6   00.3     03.6    21:33     NNE
27    21.4    24.3   16:15    19.5   05:58     00.0     03.1    31.3   00.3     02.6    23:33      E 
28    22.6    29.0   10:57    19.2   05:53     00.0     04.3    10.8   00.3     03.1    22:42      E 
29    21.7    24.3   16:39    19.5   05:39     00.0     03.4    18.0   00.1     02.1    22:37      NE
30    23.3    29.9   12:29    20.8   00:00     00.0     05.0    00.0   01.0     05.1    17:45     NNE
31    23.1    30.1   12:43    19.3   04:33     00.0     04.8    110.8   00.1     03.1    18:36      NE
----------------------------------------------------------------------------------------------------------------------------------------------------------
21.6 (22.2)   31.9  day 15     17.2  day 12   000.0    101.2   424.2   00.3     08.7   day 10     NNE
Max >=  30: 3
Min <=   30: 31
Max Rain: 110.8 ON 31-07-09
Days of Rain: 21 (> .2mm) 16 (> 2mm) 9 (> 20mm)